at is the remainder when 146/1 + -3 - (h - -3) is divided by 36?
33
Let n be 1503/(-27) + (-4)/12. Calculate the remainder when 95 is divided by 4/6 - (-4 - n/(-6)).
11
Let q(z) = 5*z**2 + 24*z + 595. Calculate the remainder when q(-14) is divided by 16.
7
Suppose 41*k = 447 - 292 + 337. What is the remainder when 246 is divided by k?
6
Let x be (-7)/3*13/(39/18). Suppose 5*o - 139 = -34. What is the remainder when ((-14832)/(-864))/(x/(-12) - 1) is divided by o?
19
Let j(s) = 402*s - 2522. Calculate the remainder when j(7) is divided by 90.
22
Suppose 4*b + 3*x + 15 = 64, -4*b + 44 = 4*x. Let l = -64 - -66. Calculate the remainder when (1 - b)/((-12)/8) is divided by l.
0
Let f = 9245 + -9184. What is the remainder when 148 is divided by f?
26
Suppose 0 = -5*f, -2*s - 3*s + 0*f + f = -120. Calculate the remainder when 6548 is divided by s.
20
Suppose -146*f = -141*f - 290. Suppose -c - f = -3*c + 2*p, -76 = -4*c - 4*p. Calculate the remainder when 68 is divided by c.
20
Suppose -d = 2*w - 30, 134*d - 130 = 131*d - w. What is the remainder when 314 is divided by d?
38
Suppose 26*h - 4*h = 616 + 132. What is the remainder when 3498 is divided by h?
30
Let k(r) = -r**3 - 7*r**2 + 12*r + 65. Let w be k(-10). Suppose 3*i = -3*a + 172 + w, 407 = 3*a + i. Calculate the remainder when a is divided by 17.
15
Let w(b) = -22*b + 78. Let f(g) = g - 2. Let r(u) = 12*f(u) + w(u). What is the remainder when 80 is divided by r(2)?
12
Let c(s) = -s**3 - 8*s**2 - 11*s - 20. Let q be c(-7). Suppose -q*x = -1250 - 454. Calculate the remainder when x is divided by 18.
15
What is the remainder when (-1)/3 + 5046/18 is divided by (8/(-68) + 13685/867)/(2/6)?
45
Suppose 0 = -2*t - n + 3, 2*t + 0 + 2 = 4*n. Suppose -3*o = -3*y + 54, 0 = 2*y - 3*y + 3*o + 12. What is the remainder when (0 - t)/(6/(-246)) is divided by y?
20
Let g(n) = n**2 - 92*n + 992. What is the remainder when 1823 is divided by g(12)?
31
Suppose 0 = -4*q - 4*z + 556, 3*q + 0*q - 415 = -2*z. Suppose 16*k + 96 = 0, -10*f - k = -13*f + 144. What is the remainder when q is divided by f?
45
What is the remainder when 5642 is divided by (-438 - -442)/(37/33 + -1)?
32
Suppose -5*z - 151 = q, -2*q - q - 493 = 5*z. Suppose 0 = 3*j - o - 98, 2*o + 0*o - 76 = -2*j. Calculate the remainder when j is divided by q/95*10/(-3).
4
What is the remainder when 84 is divided by (1599/78 + (-9)/2)*1/2?
4
Let s(c) = 8*c**2 + 3*c + 7. Let w be 7 + (-8 - 0 - -4). Suppose 9*x = -i + 4*x + 60, i - w*x - 36 = 0. Calculate the remainder when s(5) is divided by i.
42
Let j(t) = t. Suppose -4*y = 13 + 15. Let f be j(y). Let l(v) = -v - 2. Calculate the remainder when 14 is divided by l(f).
4
Calculate the remainder when 2258 is divided by (-68)/(-2)*(-10)/(1 + -21).
14
Let i = -3 + 6. Suppose -66*q = -65*q - 6. Suppose -q*u + u = -10, -v + i*u = -49. Calculate the remainder when v is divided by 15.
10
Let b(z) = -3*z**2 + 44*z - 22*z + 4*z**2 - 9 - 17*z. What is the remainder when 245 is divided by b(-10)?
40
Suppose -3*k - 16 = -166. Suppose 0 = 56*r + 1237 + 1003. Let s = r + k. What is the remainder when 78 is divided by s?
8
Suppose 9*n = 2*d + 8*n - 15, 0 = 3*d + 4*n - 6. Suppose -2*r + r - 4*o = -5, 0 = 5*o + 5. Suppose f - 6 = r. Calculate the remainder when f is divided by d.
3
Let q = 934 - 773. What is the remainder when q is divided by 34?
25
Suppose 26*v - 9*v - 172771 = -0*v. Calculate the remainder when v is divided by 66.
65
Suppose -4*c - 4*t = -176, -6*c + t + 128 = -3*c. Suppose -4784*q = -4708*q - 912. What is the remainder when c is divided by q?
7
Calculate the remainder when (19 - (5 + 0))*((4 - -6) + 54) is divided by 136.
80
Let h(m) = -2*m**2 + 4*m + 5. Let a be h(3). Let l = a + 34. Suppose 0 = -4*k + 2*d + 44, 0 = 5*k - 4*d - 19 - l. What is the remainder when 46 is divided by k?
10
Let o(r) = 16*r - 32*r**2 + 48 + 57*r**2 - 26*r**2. Let d(x) = -14*x - 3. Calculate the remainder when o(16) is divided by d(-2).
23
Let y = 1048 + 489. Calculate the remainder when y is divided by 27.
25
Suppose c = 4*v - 4 + 10, -5*c - 5*v = -80. Let k be (48/(-10))/((-4)/10). Calculate the remainder when c is divided by 88/k - 4/(-6).
6
Suppose -3*y = 468*m - 463*m - 1141, -2*m = -5*y - 444. Calculate the remainder when 591 is divided by m.
137
Let h(q) = q**3 - 15*q**2 + 14*q. Let o be h(14). Suppose n = z - 31, o = -23*n + 18*n. Calculate the remainder when 370 is divided by z.
29
Calculate the remainder when 1771 is divided by 60243/903 - 36/21.
16
Suppose 296*h - 182441 = 266591. What is the remainder when h is divided by 340?
157
Suppose 8 = 3*d + n, -2*d + 5 = d + 4*n. Let m(o) = -2*o + 2*o - 4*o - 3*o**2 + 18*o**2 + 2. Calculate the remainder when m(d) is divided by 32.
29
Suppose -19 - 16 = -7*o. Suppose o*x + r - 4*r = -54, -x - 4 = -4*r. Calculate the remainder when 18 is divided by (-2*(-12)/16)/(x/(-40)).
3
Let h = 35 + 4. Let b = 55 + 29. Suppose 26*i = 30*i - b. What is the remainder when h is divided by i?
18
Let d = -52 + 56. Suppose 4*g + h = 2*h + 45, 0 = 4*g + d*h - 60. Suppose g = -6*z + 240. Calculate the remainder when z is divided by 5.
3
Let p(r) = -56*r - 90. Calculate the remainder when 722 is divided by p(-2).
18
Suppose -45*v = -25848 - 27837. Calculate the remainder when v is divided by 393.
14
Let l = 332 - 20. Suppose 16*h - 8*h = l. Calculate the remainder when 271 is divided by h.
37
Let b be 78/(-15)*(-10)/12*3. Suppose 3*u - 76 = -b. Calculate the remainder when 145 is divided by u.
19
Let n(u) = -2*u**3 - 11*u**2 + 90*u + 822. What is the remainder when n(-8) is divided by 103?
10
Suppose 0 = 3*a - 4*q - 7911, 3*q + 3053 + 4864 = 3*a. Calculate the remainder when a is divided by 27.
26
Let x = -108 + 110. Let h(d) = 9*d**2 - 5*d + 11. Calculate the remainder when 110 is divided by h(x).
36
What is the remainder when 3565 is divided by 120/(-1300)*-13 - (-844)/5?
165
Let o(i) = -2*i**3 + 27*i**2 + 6*i + 88. Calculate the remainder when 914 is divided by o(8).
74
Let i(p) = -2*p**2 + 169*p - 37. What is the remainder when i(84) is divided by 23?
1
Suppose -296*p = -246*p - 40550. What is the remainder when p is divided by 75?
61
Let u be -3 + (-33)/(-6) + 2/4. Suppose -u*b + 295 + 416 = 0. Calculate the remainder when b is divided by 20.
17
Suppose -5*t = -0*t + 2*c + 33342, 2*c = -3*t - 20002. Let k = t - 3818. What is the remainder when (-4)/34 + k/(-136) is divided by 27?
23
Let y = -14 + 18. Suppose -3*f + 4*c = -4*f + 23, 0 = 2*f - y*c + 2. Suppose 0 = -f*x + 12*x - 230. What is the remainder when x is divided by 26?
20
Let a be 14462/(-15) + 1 + 26/(-30). Let m = a + 1015. What is the remainder when m is divided by 8?
3
Suppose 3*a + 210 = 5*t - 2*a, -4*t + 174 = 2*a. What is the remainder when 26600/285*7/((-70)/(-12)) is divided by t?
26
Let y be (2 - 0)*(-5)/(-5). Suppose -2*n = -y - 0. Calculate the remainder when (76 - 2 - n) + 3 is divided by 20.
16
Suppose -3*m - 2*f = -61, -3*f + 6*f = 5*m - 70. What is the remainder when m is divided by (-150)/(-26) - 105/(-455)?
5
Let x be (-6)/9 + ((-160)/(-3))/5. Suppose g - 4*a + x = 24, 3*a + 21 = -g. Let s = g - -26. What is the remainder when s is divided by 7?
6
Let c be (8 - -372 - -10) + (0 - 0). Suppose c = 5*n - 5*t, 2*n + 2*t = 109 + 31. Calculate the remainder when 443 is divided by n.
73
Let d(z) = z**2 - 8. Let r(j) = -211*j - 8814. What is the remainder when r(-42) is divided by d(6)?
20
Let d(p) = -p**3 - 9*p**2 - 9*p - 8. Let h be d(-6). Let r = 464 + -394. Let u = h + r. What is the remainder when 47 is divided by u?
7
Let a(r) = -10*r**3 + 2*r**2 - 10*r + 12. Calculate the remainder when a(-5) is divided by 170.
2
Suppose 0 = 5*w - 9*w - 2*p - 2692, 3*w = p - 2009. Let h = -602 - w. Calculate the remainder when 83 is divided by h.
14
Let v(h) be the second derivative of h**4/4 + h**3 - h**2/2 - 1595*h. Suppose 3*y + 6 + 3 = 0. Calculate the remainder when 63 is divided by v(y).
7
Let h = -5091 - -5100. Calculate the remainder when 762 is divided by h.
6
Let j(v) = -2*v**3 - 2*v**2 - 3*v - 2. Let k(z) = z**3 - 23*z**2 + 57*z - 140. What is the remainder when k(21) is divided by j(-2)?
7
What is the remainder when 903 is divided by (-31473)/(-72) - 8/64?
29
Let s be (6 + 26)/(1 - -1). Suppose -5*c = -81 + s. Calcul